. Let l(q) = -2 + 11 - t*q + 4*q. Calculate l(-6).
-3
Let f(v) = -32*v + 465. Let a(n) = -48*n + 708. Let b(x) = 15*a(x) - 23*f(x). What is b(4)?
-11
Let c(k) be the first derivative of k**2/2 + 7*k + 12. Let a be (20/30)/((-2)/(-6)). Suppose -5*p = y + 1, -a*y + 0*p - 3*p = 9. Calculate c(y).
1
Let t(m) be the first derivative of m**2 + 30*m + 1651. Give t(-19).
-8
Suppose c - 19 = 4*k, -3*k - 102 = -6*c + 2*c. Suppose 30*f + 135*f = 5940. Let o = f - c. Let a(p) = p**3 - 10*p**2 + 10*p + 8. Determine a(o).
17
Let y(m) = -15*m + 20*m + 9*m + 3*m - 518. What is y(31)?
9
Let z(v) = -v**2 - 12*v - 6. Suppose 15*n - 11 = 16*n. Let p be z(n). Suppose 16 - 56 = -p*k. Let q(r) = 2*r - 12. Determine q(k).
4
Let p(w) be the third derivative of -w**5/60 - 3*w**4/8 - 8*w**3/3 - 211*w**2. Let x be p(-4). Let h(y) = -y**3 + 4*y**2 - y + 3. Give h(x).
-1
Let r(j) = 310 + 4*j + 0*j - 307 + j - 6*j. Let s(x) be the second derivative of -x**3/3 + 3*x**2 - x. Let v(p) = 5*r(p) - 2*s(p). Determine v(6).
-3
Let k be 4/(91/(-13) - -8). Let n(p) = -p**3 + 3*p**2 + 7*p - 10. Give n(k).
2
Let l(x) = -x - 5. Let z(d) = -d**3 + 6*d**2 - 6*d + 1. Let u be z(5). Let o be ((-16)/1)/u - (16 - 5). Calculate l(o).
2
Let m(n) be the second derivative of n**4/24 - n**3/6 - 45*n**2/2 + 87*n + 2. Let s(u) be the first derivative of m(u). What is s(-2)?
-3
Let l(r) = -3*r - 1. Let j be 26/6 + (-10)/(-15). Suppose g = w + 80, 2*w = -j*g + 4*g + 68. Let x be g/(-114)*2*(1 + -4). Determine l(x).
-13
Let o(j) be the third derivative of -j**4/4 + 7*j**3/2 - j**2 + 2042*j. Let i(g) = -2 + 2 + g. Let l(t) = -5*i(t) - o(t). Give l(0).
-21
Let s(l) = l**2 + l - 1. Let v(o) = 5*o + 5. Let r be v(0). Suppose 4*c = 11 + r. Let d(u) = u - 1. Let g be d(c). Calculate s(g).
11
Let s = -221 - 81. Let w = 309 + s. Let g(f) = -f**3 + 8*f**2 - 7*f. What is g(w)?
0
Let a(p) = -5*p - 12. Let t(k) = 7*k + 11. Let j(v) = -v**3 - v**2 + 2*v + 2. Let s be j(-2). Let w(x) = s*t(x) + 3*a(x). What is w(-11)?
-3
Let y(l) = l**3 - 12*l**2 + 3*l - 24. Let o be (-4)/(((-9)/(-81))/((-3)/9)). What is y(o)?
12
Let k(r) be the first derivative of -r**4/4 + 4*r**3/3 - 3*r**2 + 7*r + 2866. Let g be 1 + (0 + -2)*-1. Determine k(g).
-2
Let t(a) = a**2 + 27*a + 153. Suppose -318 - 170 = 70*c + 72. Give t(c).
1
Suppose 0 = -5*n - 23 + 3. Let b be 74/14 + -1 + n/14. Suppose -6 = -b*q - 38. Let j(u) = u**3 + 9*u**2 + 9*u + 4. Give j(q).
-4
Let w(h) be the first derivative of h**3/3 - 5*h**2/2 - 10*h - 892. Suppose -3*p = 2*m - p - 6, 4*m - 48 = 5*p. Calculate w(m).
4
Let d(z) = z**3 + 25*z**2 + 149*z + 32. Let n be d(-9). Let a(s) = 2*s**2 + 27*s - 4. What is a(n)?
-17
Suppose -4*q - 2*l + 950 = 0, -22*q = -21*q - 2*l - 250. Let f(y) = 244*y + q*y - 486*y - 4 - 4. Give f(-8).
8
Let c(m) = -60*m + 73*m - 319 + 780 - 347. What is c(-9)?
-3
Let p(m) = 5*m**2 + m**2 + 2*m - m + 2*m**2. Let f = -455 + 454. Determine p(f).
7
Let l(y) be the third derivative of y**4/24 - y**3/3 + 1641*y**2. Calculate l(-12).
-14
Let a(t) = -3*t**2 - 37*t + 29. Let c = -6172 - -6159. Determine a(c).
3
Let q(i) be the third derivative of -i**5/60 - i**4/6 - 5*i**3/6 + 1035*i**2. Give q(-2).
-1
Suppose 4*b - q - 1 = 43, 0 = -4*b + 4*q + 56. Let f(l) = -l**3 + 9*l**2 + 5*l + 51. What is f(b)?
1
Let s(h) = -h**3 + h**2 - 8*h - 8. Let q be s(-1). Let f(z) = 3*z**2 - 5 - 2*z + 7*z**2 - z + 5*z - 9*z**q. What is f(-5)?
10
Let h be 1/(3/6)*((-1314)/36 - -30). Let d(l) = l**3 + 13*l**2 - 7*l - 26. What is d(h)?
65
Let j(a) = -a**3 - 6*a**2 + 6*a - 4. Let w = -1035 + 1028. Give j(w).
3
Let k(z) = z**2 + 3*z - 1. Suppose 0 = -10*x + 1022 - 5082. Let v = x - -404. What is k(v)?
-3
Let b(h) = -h**2 - 5*h - 3. Suppose 10*r - 6 = 8*r. Suppose 6 = -2*i + 5*z + 5, z - 8 = r*i. What is b(i)?
3
Let s(i) = -i**2 + 9*i - 8. Let b(l) = l**2 + 15*l + 18. Let f be b(-14). Suppose 18 = f*r + 2*r. Suppose 4*o - 36 = -4*k, r*k - 45 = -2*k - 4*o. Give s(k).
-8
Let m = 656 - 651. Suppose -5*s = 2*r, m - 17 = 4*s + 4*r. Let w(k) = 9*k - 2. Give w(s).
16
Suppose 0 = 5*y + 3*d - 32, 6*y + 1863*d - 1864*d + 3 = 0. Let w(z) = 102*z**3 - 2*z**2 + 1. Calculate w(y).
101
Suppose -363 = -4*c - 7. Suppose i + 4*t + c = 0, -97 - 238 = 3*i - 5*t. Let o = i + 102. Let p(v) = 9*v + 4. Calculate p(o).
-23
Let i(y) = -14*y**2 - 140*y + 2. Suppose -2*g - 6 - 14 = -3*t, g + 5*t = -10. Determine i(g).
2
Let q(m) = -m**3 + 6*m**2 - 6*m - 1. Let b be q(6). Let u be -1 - ((-1524)/(-36) + 2/(-6)). Let w = b - u. Let p(h) = -h + 5. Determine p(w).
-1
Let i(f) be the second derivative of f**5/20 - 7*f**4/12 + f**3 - 2*f. Let y(s) = s**2 + 4*s + 52. Let k be y(-13). Let v = -163 + k. Calculate i(v).
0
Suppose 3*f = 3*q - 9, -13*f + 10*f = -4*q + 11. Let g(j) = -22*j - 1. Calculate g(q).
-45
Let a(g) = -4*g + 84. Let w(b) = 2*b**2 + 31*b - 240. Let j be w(6). What is a(j)?
12
Let w = 47 - 43. Let d be -1*w/6*(-9)/6. Let z(p) = 6*p - 2. Give z(d).
4
Let w(o) = -11*o**2 - 8*o + 9. Let f(s) = 361*s - 4*s**2 - 726*s + 362*s + 3. Let c(k) = -17*f(k) + 6*w(k). Calculate c(-3).
12
Let l(b) = 1470*b + 5. Let k(g) = 566*g + 2. Let y(z) = -8*k(z) + 3*l(z). Determine y(1).
-119
Let h(x) = -x**3 + 10*x**2 + 28*x - 45. Suppose -56 = -3*j + 5*z, -32 = -8*j + 4*j - 4*z. Let b be h(j). Let d(n) = -5*n**2 + 4*n + 1. What is d(b)?
-32
Let n(g) = -g**2 + 1 - 2 - 2 - 6*g. Let p = 6120 - 6126. Determine n(p).
-3
Let q = -37053 + 37057. Let p(f) = -f**3 - 7*f**2 + f + 10. Let h be p(-7). Let o(y) = 4*y**2 + y**2 - 2*y**2 + 5*y + 1 - y**h. Give o(q).
5
Let j(r) = -26*r + 13. Suppose 91*u - 111*u = -40. What is j(u)?
-39
Suppose 5*d + 17*d = 44. Let x(i) = 12*i**2 + 2*i**3 + 10*i**d - 27*i**2 + 7*i**2 - 1 - 5*i**3. Determine x(-1).
4
Let t(d) = 10*d**2 - 60*d + 2 + 126*d - 66*d - 3. Calculate t(-1).
9
Let q(z) be the second derivative of 0*z**3 + 0 - 1/360*z**6 - 1/20*z**5 + 0*z**2 - 17*z - 1/4*z**4. Let d(h) be the third derivative of q(h). Calculate d(-4).
2
Let o(y) = -y**3 + 21*y**2 - 33*y - 79. Let j be o(19). Suppose -j*d = -36 - 28. Let k(t) = t**3 - t**2 - 6*t + 6. Calculate k(d).
30
Let j(v) = 7*v**3 - v**2 - 4. Let s(z) = -29*z**3 - 7*z**2 - 22*z + 13. Let q(y) = 4*j(y) + s(y). What is q(-9)?
33
Let s(q) = 9*q**2 - 14*q + 27. Let i(a) = -6 - 3 - 5*a**2 - 5 + 7*a. Suppose -4*h + 64 = 4*o + 4, 3*o - 12 = 0. Let r(f) = h*i(f) + 6*s(f). Calculate r(-8).
0
Let v(x) be the second derivative of -x**4/12 - x**3/3 - 3*x**2 - 1299*x. Give v(4).
-30
Let u(d) = -3*d**2 + 24*d + 6. Let n(i) = i**2 - 13*i - 3. Let h(r) = -5*n(r) - 3*u(r). Let s(y) = 5*y**2 - 7*y - 4. Let g(z) = -6*h(z) + 5*s(z). Give g(-7).
-2
Let a be ((-9)/4 - -2) + 357/(-12). Let j be a/18*(-30)/2. Suppose j*x + 24 = 17*x. Let s(i) = i**3 + 4*i**2 + 5*i + 4. Calculate s(x).
-2
Let a(c) be the second derivative of c**4/4 - c**3/6 + 5*c**2/2 + 30*c + 3. Determine a(3).
29
Let m = 3500 + -3499. Let a(q) = -5*q**3 + 1. Determine a(m).
-4
Let k(q) = -54*q**2 - q. Suppose -186*s = -91*s - 138*s + 43. Determine k(s).
-55
Let k(g) = -g**3 - 5*g**2 - 5*g - 5. Let t(r) = -r**3 - 10*r**2 - 10*r - 1. Let x be t(-9). Let l(z) = 12*z - 100. Let y be l(x). Give k(y).
-1
Let x(s) = 122*s**2 - 1955*s + 40. Let l(i) = 98*i**2 - 1564*i + 32. Let p(w) = -14*l(w) + 11*x(w). Give p(13).
5
Suppose -s - 12 = u - 7, -u - 2*s = 10. Let b(m) = m**2 - 3*m - 7. Determine b(u).
-7
Suppose 34*y - 39*y - 20 = 0, 2*y = 5*v + 32. Let x(m) = -m**3 - 10*m**2 - 15*m + 2. What is x(v)?
-6
Suppose 2*n - 17 = -13, -14 = -2*j - n. Let l(b) = -16*b + 95. Calculate l(j).
-1
Let w(a) = -a**3 - 13*a**2 + 15*a + 21. Let s be 4/(-26) - (-6248)/(-286). Let i = -36 - s. Give w(i).
7
Let x(y) = -5*y**2 - 8*y - 19. Let d(g) = 17*g**2 + 27*g + 58. Let w(o) = -2*d(o) - 7*x(o). Calculate w(-3).
20
Let b(z) = z + 7. Let f be b(-2). Let o(p) = f*p - 2*p - 2*p - 2. Determine o(-6).
-8
Let r be (2/(-3))/(4/(-6)). Suppose -90 - 106 = -14*j. Let m(y) = -17 - y - j + 30. Give m(r).
-2
Let b be 1/(-4)*(9 - 9). Suppose b*d = 2*f + d - 9, 39 = 5*f - 3*d. Let h(g) = 5*g - 2 - 5*g**3 + f*g**2 - g + 0*g + 4*g**3. Calculate h(6).
22
Let q = 3513 + -3515. Let b(o) = 10*o**3 + o**2 + 4*o + 5. Give b(q).
-79
Let k(r) = 4325*r + 4356*r - 8670*r + 128. What is k(-11)?
7
Suppose -6 = -4*m + 3*y + 15, 0 = -2*m + 3*y + 15. Suppo